hat is t(v)?
13
Let k(w) = -2*w + 2. Let y = -21 + 21. Let v be -3 + y + 18/9. Let n = v + -4. Determine k(n).
12
Let v(m) be the first derivative of m**3/3 + 4*m**2 - 6*m + 43. What is v(-8)?
-6
Let s(f) = f**2 + 11. Suppose -3*v - 1 = -19. Let k(x) = x**3 - 7*x**2 + 5*x - 5. Let m be k(v). Let z = 11 + m. What is s(z)?
11
Let q(c) be the second derivative of -1/2*c**2 + 7/12*c**4 + 1/3*c**3 + 0 + 10*c. Calculate q(1).
8
Suppose 0*a - f = -a - 24, -a - 2*f - 18 = 0. Let c be (-1)/(a/(-6) + -4). Let b(z) = -2*z + 3. Let d be b(c). Let h(w) = -w**2 - 4*w. What is h(d)?
3
Let v(j) be the third derivative of -j**6/360 - j**5/120 + j**4/12 + 17*j**3/6 - 21*j**2. Let f(z) be the first derivative of v(z). Determine f(0).
2
Let g(x) = -8*x - 8. Let q(s) = -4*s - 4. Let b(i) = 6*g(i) - 13*q(i). Suppose 7 + 1 = 2*c. Suppose -2*n - 12 = -4, 31 = -5*r - c*n. What is b(r)?
-8
Suppose -7 - 18 = 5*g. Suppose -5*a + 1 + 19 = 0. Let l(p) = -p**2 - 68 - a*p + 191 - 63 - 63. Determine l(g).
-8
Let f(p) be the first derivative of -p**4/4 + 7*p**3/3 - 3*p**2 + 18*p - 4. Calculate f(6).
18
Let z be 32/(-3)*((-385)/28 - -7). Suppose z*u - 69*u = -12. Let h(g) = g**3 + 3*g**2 - 3*g + 2. Determine h(u).
-2
Let x(d) be the first derivative of -26 - 1/2*d**2 + 6*d. Determine x(6).
0
Let t be (2/3)/((-152)/1596). Let r(p) = 3*p + 5. What is r(t)?
-16
Let l = 82 - 78. Let z(s) = -14 + 2*s + s - l*s + 10. Calculate z(-7).
3
Let n(o) = -o - 77. Let y(a) = a + 39. Let m(s) = -6*n(s) - 11*y(s). Let l(d) = 2*d - 11. Let i(h) = -8*l(h) - 3*m(h). Calculate i(-9).
-2
Let s(i) be the second derivative of -i**4/12 + i**3/6 + 17*i**2/2 + 3*i. Let t(n) be the first derivative of s(n). Calculate t(-3).
7
Let h(v) = 7*v - 5. Let d(k) = 14*k - 9. Let a(o) = -6*d(o) + 11*h(o). Let t = 35 - 70. Let m be ((-4)/(-10))/(7/t). What is a(m)?
13
Suppose 0 = 3*q + 6, -2*f - q + 14 = -4*q. Suppose f*x + 9 = 29. Let r(a) = -a**3 + 6*a**2 - 7*a + 3. Determine r(x).
-7
Let b(u) = -u**3 - 5*u**2 - 6*u + 6. Let m(k) = 2*k**3 + 9*k**2 + 9*k - 10. Let l(r) = -5*b(r) - 3*m(r). Determine l(-3).
0
Suppose -s - 6 = -2*s. Suppose 4*a - a - 9 = 0. Let i(b) = -3*b + 6*b - a*b - 6 + b. Calculate i(s).
0
Let x = 18 + -26. Let u = 3 + x. Let r(i) = -i**2 - 2*i + 5. What is r(u)?
-10
Let k(r) = r**2 - 10*r - 8. Let i(y) = -y**2 + 10*y + 8. Let z(v) = 3*i(v) + 4*k(v). Determine z(10).
-8
Suppose -2*n - 3*w = 21, n + 2*n + 24 = -3*w. Let z(r) = r + 10. What is z(n)?
7
Let h = 11 + -8. Let a(w) = 140*w + 0 - 142*w + 1. What is a(h)?
-5
Let v(z) = -6*z**3 + 12*z**2 - 7*z - 8. Let l(g) = 5*g**3 - 11*g**2 + 6*g + 7. Let d(o) = 5*l(o) + 4*v(o). Determine d(7).
17
Let y(i) = -i**2 + 9*i + 7. Suppose -16 = -4*g + 2*g + 3*w, -26 = -5*g + 4*w. Suppose 0 = g*d - 3*c - 6, -5*d + 51 = 4*c - 10. Give y(d).
7
Let a(z) be the first derivative of -z**3/3 - 8*z**2 - 29*z + 46. Give a(-14).
-1
Let n(c) = -2*c**3 - c**2. Let w(q) = 3*q**3 - 3*q**2 + 3*q - 3. Let g(y) = 2*n(y) + w(y). Calculate g(-4).
-31
Let k = -118 - -117. Let x(w) = 2*w**2 + w. Let o be x(1). Let h(c) = -3*c + 9*c**2 + o*c. Determine h(k).
9
Let o(r) = -r**3 - r**2 - 2*r - 1. Suppose -2*m = 115 - 111. What is o(m)?
7
Suppose -3*x = -7 - 5. Suppose -4*r - 2*s = -x*s, -r + 18 = 4*s. Let n(k) be the first derivative of -k**4/4 + 2*k**3/3 + k**2 + 3. Determine n(r).
4
Let r(n) = n**2 - 8*n + 3. Let b = 22 + -32. Let v(s) = s**3 + 11*s**2 + 10*s + 12. Let c be v(b). Suppose -3*j = j - c. Give r(j).
-12
Let i = -39 + 43. Let c(r) = -5*r + 4*r + 3*r - r**2 + i*r. Determine c(7).
-7
Let y(x) = -7*x**3 + 23*x**2 + 6*x - 12. Let m(a) = -3*a**3 + 11*a**2 + 2*a - 5. Let l(v) = 5*m(v) - 2*y(v). Give l(4).
71
Let r = -160 + 167. Let n(o) = o**3 - 6*o**2 - 7*o + 7. What is n(r)?
7
Let v be 2 - ((-18)/4)/(144/(-192)). Let s(u) = -u**3 - 4*u**2 + 6*u + 4. Determine s(v).
-20
Let q(p) = -p - 3. Suppose -w + 7 - 2 = 0. Suppose -5*x - w = 3*r, 5*r + x + 1 = -0*r. Determine q(r).
-3
Let y(q) = 4*q - 12. Let i(j) = j**3 - 22*j**2 - 26*j + 73. Let t be i(23). Calculate y(t).
4
Let s be (-12 - 296/(-24))*27*-1. Let u(q) = 15*q**3 + 3*q**2 - 18*q - 13. Let z(v) = -7*v**3 - 2*v**2 + 9*v + 6. Let g(h) = -6*u(h) - 13*z(h). Calculate g(s).
0
Suppose 47 - 65 = -3*i. Let c(v) = -i*v + 4 + 0*v + 10*v. Calculate c(-3).
-8
Let u(n) = n**2 - 8*n - 4. Let t(h) = -h**2 + 7*h + 3. Let x(d) = -15*d - 93. Let i be x(-6). Let f(s) = i*u(s) - 4*t(s). Suppose v = -3*v + 20. Calculate f(v).
5
Let v(d) be the first derivative of -3/2*d**2 + 1 - d + 1/4*d**4 - d**3. Let z be 4/14 - (-19)/7. Give v(z).
-10
Let s(b) = -6*b**2 - b. Let d be s(1). Let l(k) = -3*k + 2. Let y(n) = n. Let z(r) = 2*l(r) + 7*y(r). Determine z(d).
-3
Suppose 0 = -4*a + 4*t - 4, 5*a - 4*t + 15 = 5. Let p(o) = -o**2 - 9*o - 15. What is p(a)?
3
Let f(n) be the first derivative of n**6/72 - n**5/60 + n**4/24 + 3*n**3 - 6. Let g(u) be the third derivative of f(u). What is g(1)?
4
Suppose 0 = -4*s + 7 + 53. Let z = s + -11. Let v(l) = -l**2 - 10 + z + 0*l**2 + 7*l - 2*l. Calculate v(4).
-2
Suppose 6*f - f - 85 = 0. Let p = 21 - f. Let u(g) = 2*g**2 - 4*g - 3. Give u(p).
13
Let u(k) = -10*k + 37. Let c(r) = -22*r + 80. Let g(i) = -6*c(i) + 13*u(i). Let n be -3*(0/(-2) + 1). What is g(n)?
-5
Let n(o) be the first derivative of -o**4/4 - 10*o**3/3 + 9*o**2/2 - 14*o + 2. Let x be n(-11). Let i = x + -8. Let q(z) = -z + 13. Give q(i).
13
Let q = -66 - -70. Let j(g) = -3*g + q*g - 236 + 115 + 122. Give j(-6).
-5
Let j(t) = t - 10. Let n be 59/3 - (-12)/(-18). Suppose -4*v = -x - n, -4*v = 2*x - x - 21. Let b(l) = -l + 11. Let u(y) = v*b(y) + 4*j(y). Determine u(0).
15
Let o(m) = -2*m**2 + 1. Let f be o(-1). Let r = 28 + -26. Let x(j) = -r*j - 2*j**2 + 0*j + 3*j. What is x(f)?
-3
Let j be (-2)/(-2 + 4/4). Let d be 2 + j + (1 - 14). Let w(z) = z + 13. Give w(d).
4
Let d(v) = 7 + 0*v**3 - v**3 - 8*v + 2*v**3 - 5*v**2 - 5. Suppose 31 = 4*u + 7. Calculate d(u).
-10
Let u(o) = -o**3 + 3*o + 3. Let l(f) = 6*f + 22. Suppose -x - 4*q + 2*q + 6 = 0, -3*q = 5*x + 5. Let d be l(x). What is u(d)?
5
Let r(b) = -b**3 - 6*b**2 - 4*b + 5. Let u be r(-5). Suppose u = 17*m - 7*m - 14*m. Let a(p) = p + 11. Give a(m).
11
Let u(s) = -s**2 + 5*s + 4. Let a(p) = p**2 - p - 1. Let l(v) = -3*a(v) - u(v). Let f(j) = -9*j**2 - 10*j - 6. Let m(b) = 2*f(b) - 11*l(b). Give m(1).
5
Let v(g) = -2 + 4 + 6 - g. Suppose 48*l - 54 = 39*l. What is v(l)?
2
Let c(q) = -2*q. Suppose 2*d - 26 = 4*j, 5*j - d = -0*j - 37. Determine c(j).
16
Let d(s) be the first derivative of 17 + 0*s**2 - s - 6 + 3 - s**2. Give d(2).
-5
Let i(d) be the second derivative of -d**5/20 + 5*d**4/4 + 5*d**3/2 + 23*d**2/2 + 3*d + 8. Calculate i(16).
7
Let d(t) = -2*t**2 - 5*t - 7. Let h(c) = 7*c**2 - 2*c - 2. Let s be h(-1). Let n(x) = -5*x**2 - 10*x - 14. Let z(r) = s*d(r) - 3*n(r). Give z(6).
-1
Suppose -148*m = -150*m - 6. Let u(s) be the second derivative of s**3/2 - s**2/2 + s. Give u(m).
-10
Let v(m) = -8*m + 1. Let a be v(1). Let b(n) be the third derivative of n**4/24 + 5*n**3/3 - 33*n**2. Give b(a).
3
Suppose 4*l = 4*y + 32, 8*y - 5*l = 7*y - 8. Let f(x) = x**2 + 8*x + 10. Calculate f(y).
10
Suppose 65*h - 694 = -44. Let c(o) = -o + 9. Give c(h).
-1
Let y(n) = n**2 + 8*n + 3. Let x(a) = 0*a**2 + 4 + 3*a + a**2 - 5*a**2 - 5*a**3 - 5. Let t be x(1). What is y(t)?
-4
Let b = 3 - 16. Let r = b + 18. Suppose -r*v - 19 = 11. Let q(i) = i**3 + 6*i**2 + 2. Determine q(v).
2
Let l(g) = -1. Let b(n) = 8 - n - 3*n + 6*n. Suppose 5*h - 5 = 10*h. Let m(w) = h*b(w) - 2*l(w). Calculate m(-4).
2
Let x be 7/((-7)/3)*(-6)/(-9). Let m(g) = -3*g - 1. Calculate m(x).
5
Let q = 32 + -26. Let g(d) = -3 - 2 + 13 + d**2 - 2 + q*d. Determine g(-4).
-2
Let f(b) = 1427*b - 709*b + 2 - 716*b. Suppose 5*a + 14 = -g, -a = -3*g - 2*a - 14. What is f(g)?
-6
Let a(r) = -6*r**2 + 4*r + 5. Let u(o) = 3*o - 6*o**2 - 41 - 41 + 86. Let f(w) = 3*a(w) - 4*u(w). Give f(1).
5
Let o = -6 + 5. Let p be o/(-4) - (-351)/52. Let n(s) = -2*s**2 + 2 + p - s + s**2. Give n(0).
9
Let k be 5/(-4 + 12/4). Let c(j) = 1 - 1 + 7*j - j. Let b(o) = -3*o. Let m(w) = k*c(w) - 9*b(w). Determine m(-1).
3
Let t(z) = -z. Let w(v) = -8*v - 3. Let c(f) = -5*t(f) + w(f). Suppose -2*d = 3*d. Suppose -y = -d*y + 2. Determine c(y).
3
Let m(f) = f - 1. Let x(g) = -g + 2